{"id":4865,"date":"2024-08-30T00:19:17","date_gmt":"2024-08-30T05:19:17","guid":{"rendered":"https:\/\/www.milleniumnext.com\/?post_type=product&#038;p=4865"},"modified":"2024-08-30T00:35:32","modified_gmt":"2024-08-30T05:35:32","slug":"maquina-de-corte-por-laser-de-tubo-de-carga-automatica","status":"publish","type":"product","link":"https:\/\/www.milleniumnext.com\/index.php\/producto\/maquina-de-corte-por-laser-de-tubo-de-carga-automatica\/","title":{"rendered":"M\u00e1quina de corte por l\u00e1ser de tubo de carga autom\u00e1tica"},"content":{"rendered":"<h3>Sistema de carga autom\u00e1tica<\/h3>\n<p>El dispositivo de carga y descarga autom\u00e1tica de material se controla mediante un sistema de control num\u00e9rico para alimentar las tuber\u00edas, estas tuber\u00edas pueden estar en Enviar, se dividen, cargadas y conectadas ligentamente sin problemas con el cortador de tuber\u00eda para asegurarse de que solo se transporta una tuber\u00eda al brazo de entrega. a la vez. Esto disminuye el costo de los materiales de entrega manual.<\/p>\n<h3><\/h3>\n<h3>Capacidad de corte del tubo<\/h3>\n<p>M\u00e1quina de corte de fibra de tuber\u00eda profesional LF-T.<br \/>\nPuede procesar todo tipo de tubos redondos, cuadrados, rectangulados, \u00f3valo y tipo de cuerno con m\u00e1x. Di\u00e1metro de corte: tubo redondo 20-220 mm, tubo cuadrado 20-160 mm;<\/p>\n<p>La velocidad de funcionamiento es de 140 m \/ min, la velocidad de ralent\u00ed de trabajo es de 170R \/ min, de alta eficiencia y ahorro de tiempo.<\/p>\n<h3><\/h3>\n<h3>Enviar reconocimiento inteligente<\/h3>\n<p>Con el sistema de reconocimiento de contorno, puede identificar autom\u00e1ticamente las tuber\u00edas est\u00e1ndar, \u00f3valo, cuadradas y otras tuber\u00edas en forma especial.<\/p>\n<p>Los tubos se dan cuenta de la detecci\u00f3n no inductiva y de alta eficiencia, y se dan cuenta de la desviaci\u00f3n de la posici\u00f3n de la precisi\u00f3n de corte de la secci\u00f3n completa del medidor dentro de 0.15mm.<\/p>\n<h3><\/h3>\n<h3>Sujeci\u00f3n autom\u00e1tica<\/h3>\n<p>El frente y la parte trasera est\u00e1n equipados con un mandril neum\u00e1tico completamente autom\u00e1tico..El DIA Ir Rango Ajustable NAL es de 20-220 mm.<br \/>\nAutom\u00e1tico apoyo Soporte<br \/>\nSoporta diferentes tipos de tuber\u00edas en Enviar ligy, el problema de la deformaci\u00f3n de tuber\u00eda larga se resuelve<\/p>\n<h3><\/h3>\n<h3>Cuerpo de m\u00e1quina<\/h3>\n<p>Adopta el tubo cuadrado est\u00e1ndar nacional, un tratamiento t\u00e9rmico de alta temperatura de 600 metros, 12 metros de molienda de p\u00f3rtico con acabado, 24 horas de enfriamiento dentro del horno, asegurando el uso a largo plazo de lam\u00e1quina sin que la precisi\u00f3n de la m\u00e1quina est\u00e1 garantizada. Cabeza de corte l\u00e1ser Raytools \/ WSX \/ Precitec (opcional)<\/p>\n<p>&nbsp;<\/p>\n<h3>Protecci\u00f3n m\u00faltiple<\/h3>\n<p>3 piezas de protecci\u00f3n de protecci\u00f3n, protecci\u00f3n altamente efectiva de la lente de enfoque de colimaci\u00f3n. Enfriamiento de agua \u00f3ptica de 2 v\u00edas, extendiendo efectivamente el tiempo de trabajo continuo.<\/p>\n<h3><\/h3>\n<h3>Varias marcas de cabeza l\u00e1ser est\u00e1n disponibles.<\/h3>\n<p>Podemos proporcionar todas las cabezas l\u00e1ser de alta calidad en. Se ha probado por nosotros durante mucho tiempo. Empower \/ WSX todos nuestros socios a largo plazo.<\/p>\n<h3><\/h3>\n<h3>Alta precisi\u00f3n<\/h3>\n<p>El motor paso a paso cerrado se adopta para evitar efectivamente la p\u00e9rdida de pasos. La velocidad de enfoque es de 100 m m \/ s y la precisi\u00f3n de la repetici\u00f3n es de 1 \u03bcm. Placa de cubierta de espejo de protecci\u00f3n contra polvo de clase IP65, a prueba de polvo sin \u00e1ngulo muerto.<\/p>\n","protected":false},"excerpt":{"rendered":"<p>Sistema de carga autom\u00e1tica El dispositivo de carga y descarga autom\u00e1tica de material se controla mediante un sistema de control num\u00e9rico para alimentar las tuber\u00edas, estas tuber\u00edas pueden estar en Enviar, se dividen, cargadas y conectadas ligentamente sin problemas con el cortador de tuber\u00eda para asegurarse de que solo se transporta una tuber\u00eda al brazo<\/p>\n<div class=\"klb-readmore button\"><a class=\"btn link\" href=\"https:\/\/www.milleniumnext.com\/index.php\/producto\/maquina-de-corte-por-laser-de-tubo-de-carga-automatica\/\">Leer M\u00e1s <i class=\"klbth-icon-right-arrow\"><\/i><\/a><\/div>\n","protected":false},"featured_media":4591,"comment_status":"open","ping_status":"closed","template":"","meta":[],"product_cat":[267,266],"product_tag":[248,249],"class_list":{"0":"post-4865","1":"product","2":"type-product","3":"status-publish","4":"has-post-thumbnail","6":"product_cat-lf-at","7":"product_cat-todos-los-productos","8":"product_tag-corte-laser-de-metales","9":"product_tag-corte-y-soldadura-de-metales","11":"first","12":"instock","13":"shipping-taxable","14":"product-type-simple"},"_links":{"self":[{"href":"https:\/\/www.milleniumnext.com\/index.php\/wp-json\/wp\/v2\/product\/4865","targetHints":{"allow":["GET"]}}],"collection":[{"href":"https:\/\/www.milleniumnext.com\/index.php\/wp-json\/wp\/v2\/product"}],"about":[{"href":"https:\/\/www.milleniumnext.com\/index.php\/wp-json\/wp\/v2\/types\/product"}],"replies":[{"embeddable":true,"href":"https:\/\/www.milleniumnext.com\/index.php\/wp-json\/wp\/v2\/comments?post=4865"}],"wp:featuredmedia":[{"embeddable":true,"href":"https:\/\/www.milleniumnext.com\/index.php\/wp-json\/wp\/v2\/media\/4591"}],"wp:attachment":[{"href":"https:\/\/www.milleniumnext.com\/index.php\/wp-json\/wp\/v2\/media?parent=4865"}],"wp:term":[{"taxonomy":"product_cat","embeddable":true,"href":"https:\/\/www.milleniumnext.com\/index.php\/wp-json\/wp\/v2\/product_cat?post=4865"},{"taxonomy":"product_tag","embeddable":true,"href":"https:\/\/www.milleniumnext.com\/index.php\/wp-json\/wp\/v2\/product_tag?post=4865"}],"curies":[{"name":"wp","href":"https:\/\/api.w.org\/{rel}","templated":true}]}}